 is divided by 30?
28
Let x(z) = 41*z**2 - 22*z + 68. Let y be x(3). Suppose 4*l - 1412 = -31*m + 35*m, l - y = -5*m. What is the remainder when l is divided by 91?
83
Let v(k) = 5*k**2 - 21*k - 42. Calculate the remainder when v(20) is divided by 67.
64
Suppose -273679 = 18*n - 25*n. What is the remainder when n is divided by 25?
22
Suppose -11*m - 3012 = -15*m + 2*n, -3754 = -5*m - 3*n. Let p = m + -413. Calculate the remainder when p is divided by 18.
15
Suppose -22*b = 17*b - 11344 - 4607. What is the remainder when b is divided by 408?
1
Suppose 0 = -b + 7*c - 6*c + 1828, c - 9176 = -5*b. What is the remainder when b is divided by 27?
25
Let b(q) = 37*q**2 + 2*q - 1. Suppose -2*d + 3 + 1 = 0. Let l(v) = 23*v + 843. Calculate the remainder when b(d) is divided by l(-35).
37
Let z(d) = -128*d - 1248. What is the remainder when z(-28) is divided by 260?
256
Let z = -110 + 108. Calculate the remainder when z*2/(-4)*17 is divided by 12.
5
Let n(m) = -3*m**2 + 155*m - 487. Calculate the remainder when 1187 is divided by n(48).
39
Let c(j) = -239*j - 2591. Suppose 4*l = -3*r + 4, -r + 0*r - 4*l = -4. Let d(s) = s**2 + s + 3. What is the remainder when c(-11) is divided by d(r)?
2
What is the remainder when 283 is divided by 20/(-1)*(-45)/75?
7
Let v(r) = -2*r**3 + 3*r**2 + 37*r - 60. Let l be v(9). Let d = l - -1014. Calculate the remainder when d is divided by 21 - (-1)/(0 + 1).
6
Calculate the remainder when 305 + (13 - (-65)/(-5)) is divided by 113.
79
Let g(i) be the first derivative of 8*i**2 - 13*i - 1. Suppose 5*d = -27 + 52. What is the remainder when g(d) is divided by 14?
11
Let q(b) = -85*b + 1780. What is the remainder when 713 is divided by q(20)?
73
Calculate the remainder when 281 is divided by (-2 - -15) + (36 - 23).
21
Calculate the remainder when 3033 is divided by (2/(-1 - 1))/(0 + 9/(-99)).
8
Suppose 5380 = 25*r - 29*r. Calculate the remainder when 7/(105/r)*-3 is divided by 16.
13
Let s = -8036 + 8051. Calculate the remainder when 3029 is divided by s.
14
Let k = 373 - 395. Let n(v) = 4*v + 130. What is the remainder when 293 is divided by n(k)?
41
Let r = 1 + -21. Calculate the remainder when (48/r)/(2/(-5)) is divided by 2*(0 - (-20)/8).
1
Let l be 7 - -7 - (-6 + 2). Let i(d) = d**3 - 19*d**2 + 18*d + 5. Suppose -5*g = 4*y - 55 + 18, 4*g = -12. What is the remainder when y is divided by i(l)?
3
Let a = 7 - 31. Let l be (68/(-12) - -5)*(-1086)/4. Let z = a + l. Calculate the remainder when z is divided by 53.
51
Suppose -2 = 4*q - 78. Let f = -14 + q. Suppose -3*h + 107 = 5*r, r - h = 2*h + 7. What is the remainder when r is divided by f?
4
Suppose 7*j - 1 - 20 = 0. Suppose j*w = 5*w + 42. Let k = 46 + w. Calculate the remainder when 72 is divided by k.
22
Let a be -3*4/(-3) - 4163/23. Let m = a + 204. What is the remainder when 161 is divided by m?
26
Let i(x) = -9*x**2 - x**3 + 22*x - 20 + 0*x + 2. Let a be i(-11). Let v = a + 25. Calculate the remainder when 18 is divided by v.
4
Suppose -4*t = -4*i + 11 + 61, 4*i - 2*t - 78 = 0. Suppose q - 135 = -2*q. Calculate the remainder when q is divided by i.
3
Suppose 216*l - 4579 - 2333 = 0. What is the remainder when 314 is divided by l?
26
Suppose 787 = 437*g - 436*g. Let a = g + -764. What is the remainder when 136 is divided by a?
21
Suppose 0 = -47*b + 1327 + 741. Let z = -9 - -17. Suppose -54 + z = -2*x. What is the remainder when b is divided by x?
21
Let x = 1419 - 1412. Suppose -5*d - 5 + 0 = 0, 0 = 3*a - 4*d - 145. What is the remainder when a is divided by x?
5
Let a(m) = 25*m**2 - 5*m. Suppose -r + 5*z + 89 = 2*r, -r = 5*z - 3. Calculate the remainder when a(2) is divided by r.
21
Let n(r) = 9*r + 16*r + 19 - 10*r - r**2. Let f be n(16). Calculate the remainder when ((-114)/f)/((-2)/7) + -2 is divided by 27.
23
Suppose 5*n = 2*h + 11026, 18*n - 13*n - 11023 = h. What is the remainder when n is divided by 62?
34
Suppose 3*n = -2*k - 2*k + 38, 4*k = n + 30. Suppose -4*u = k, -2*j - 10 = -u + 10. Let i = j - -26. Calculate the remainder when 57 is divided by i.
12
Let k(f) = f**3 + 4*f**2 - 2*f + 9. Suppose -43*x - 3 = -44*x. What is the remainder when k(x) is divided by 35?
31
Let s be 968/66 + 4/(-6). Let m(n) = 39*n - 161. What is the remainder when m(s) is divided by 26?
21
Let g(x) = x**3 - 2*x**2 + 4*x - 15. Let m be g(3). Suppose -m*b - 3*f + 321 = -3*b, 3 = -f. Calculate the remainder when b is divided by 23.
18
Let h = 208 + -224. What is the remainder when 85 is divided by -5*(h/5 - 6)?
39
Suppose 50*j - 48*j - 2*b = 88, -5*b - 130 = -3*j. Calculate the remainder when 2562 is divided by j.
42
What is the remainder when 24/(30/(-36) + 15/10) is divided by 20?
16
Let k = -309 + 322. Let g = 26 + -22. Suppose -4*t - d = g*d - 189, -4*d = t - 39. What is the remainder when t is divided by k?
12
Suppose -4*r - 3 = -3*t, 4*r + 2*t + 5 = 7. Suppose 23*q - 25 - 21 = r. What is the remainder when 2/(-8) + 33/4 is divided by q?
0
Let g = 124 + 193. Calculate the remainder when 4/(-14) - g*(-9)/63 is divided by 3.
0
Let z(h) = -84*h**3 + 1. Let o(w) = w**3 - w**2 - 257*w - 226. Calculate the remainder when z(-1) is divided by o(-15).
27
Suppose 21*i - 24*i - 36 = 0. Let h(f) = -f**2 - 12*f + 40. What is the remainder when h(i) is divided by (-2)/(-6) + (-65)/(-3)?
18
Let m(z) = -z + 11. Let s be m(9). Suppose -l + 272 = d, -7*l + 5*l + s*d + 560 = 0. What is the remainder when l is divided by 40?
36
Let l(q) = q + 18. Let p be l(-18). Suppose p = -2*j + 4. Suppose j*x + 2*h - 56 = 0, 4*x - 2*h = 2*h + 128. Calculate the remainder when 237 is divided by x.
27
Suppose 0 = -78*w + 276 + 2454. Calculate the remainder when 977 is divided by w.
32
Suppose -5*o - 3*r = -12, 0 = 3*o + 2*r - 5 - 3. Suppose -2*i = 2, 3*m = -o*m - 3*i + 21. Calculate the remainder when 24 is divided by m.
0
Let v be 4731/21 + (8/(-28) - 0). Suppose 45 = 228*f - v*f. What is the remainder when f is divided by 9?
6
Let j(s) = 2 - 2*s - 3 - 24 + 12. What is the remainder when 129 is divided by j(-13)?
12
Suppose 5*g = 4*w - 180, -4*w + g - 6*g = -220. Suppose -1162*f - 4202 = -1184*f. Calculate the remainder when f is divided by w.
41
Let s(y) = 10 - 3*y + 19 + 5*y + 6. Let u be s(-19). Calculate the remainder when 4 is divided by (u/(-2))/(5/(120/18)).
0
Let l(x) = 41*x - 1001. Calculate the remainder when 910 is divided by l(29).
158
Suppose -2989 + 16786 = 64*g - g. Calculate the remainder when g is divided by 37.
34
Let i be 2/(-7) - 1824/672. Let c be (-14)/8*-8*1. Let k = c - i. Calculate the remainder when k is divided by 4.
1
Suppose 5*q - 187 = 4*o, -4*q = -3*o - 34 - 106. Calculate the remainder when (o/(-32))/(-1 + (-107)/(-104)) is divided by 20.
12
What is the remainder when (3 - (1 - -3))*22*656/(-8) is divided by 37?
28
Let l(f) = -2*f**3 + 3*f**2 + 4*f - 1. Let y(m) = 3*m. Let p be y(-1). Let h = -1334101 + 1334111. What is the remainder when l(p) is divided by h?
8
Suppose -4*i - 98 = -6*i. Let a = i + -42. Suppose -a*x = -10*x + 189. Calculate the remainder when x is divided by 22.
19
Let m = 7512 - 7211. Calculate the remainder when m is divided by 135.
31
Suppose r + 7 = 0, 2*g - 6*r = -181 + 715. What is the remainder when 746 is divided by g?
8
Suppose -18 = -u + 8. Suppose -o = 2*o - 9. Suppose o*y + u = 4*y. What is the remainder when 74 is divided by y?
22
Suppose 2*i + 27176 = 80*i + 80*i. What is the remainder when 1889 is divided by i?
169
Let c = 7807 + -4263. What is the remainder when c is divided by 9?
7
Let r(a) = -2*a**3 + 40*a**2 + 12*a - 2. What is the remainder when r(-4) is divided by 24?
22
Suppose 2*l = -5*v + 196, 2*l + 428 = 7*l - 3*v. Suppose 0 = -12*s + 23*s - l. What is the remainder when s is divided by 3?
2
Suppose 41*c + g = 38*c + 262, -2*g = -2. Calculate the remainder when 694 is divided by c.
85
Let w = -15768 + 15973. Let t = -6 - -8. Suppose -t*l + 109 = -w. What is the remainder when l is divided by 53?
51
Let m = -92 + 96. Suppose -m*v + 5*v - 5*y = 27, 12 = 2*v + 4*y. Calculate the remainder when ((-1)/2)/(1/(-66)) is divided by v.
9
Let j = -3351 - -3475. Calculate the remainder when 5079 is divided by j.
119
Suppose 54*t = 848 + 2338. What is the remainder when 287 is divided by t?
51
Calculate the remainder when ((-1874632)/64)/(-31) + 